{"id":1949,"date":"2023-08-07T18:11:48","date_gmt":"2023-08-07T18:11:48","guid":{"rendered":"https:\/\/uniondeprofesionistasdeguerreroac.org\/?page_id=1949"},"modified":"2023-08-08T15:53:19","modified_gmt":"2023-08-08T15:53:19","slug":"quienes-somos","status":"publish","type":"page","link":"https:\/\/uniondeprofesionistasdeguerreroac.org\/index.php\/quienes-somos\/","title":{"rendered":"\u00bfQui\u00e9nes somos?"},"content":{"rendered":"\n<section class=\"cont-misions\">\n        <div>\n            <img decoding=\"async\" src=\"http:\/\/uniondeprofesionistasdeguerreroac.org\/wp-content\/uploads\/2023\/08\/motivacion.png\" alt=\"\">\n            <h2>Misi\u00f3n<\/h2>\n            <p>Lograr la uni\u00f3n de los profesionistas del estado de Guerrero, y ser la asociaci\u00f3n de mayor prestagio en el estado.<\/p>\n        <\/div>\n        <div>\n            <img decoding=\"async\" src=\"http:\/\/uniondeprofesionistasdeguerreroac.org\/wp-content\/uploads\/2023\/08\/objetivo.png\" alt=\"\">\n            <h2>Objetivos<\/h2>\n            <ul>\n                <li>Concientizar a la sociedad respecto de la capacidad, profesionalismo, responsabilidad y aptitud de los profesionistas del estado de Guerrero.<\/li>\n                <li>Emitir opinion con respecto a los problemas que ata\u00f1en a la sociedad.<\/li>\n                <li>Ofrecer asesor\u00edas profesionales gratuitas.<\/li>\n                <li>Presentar iniciativas ciudadanas en material social, pol\u00edtica, econ\u00f3mica y cultural.<\/li>\n            <\/ul>\n        <\/div>\n        <div>\n            <img decoding=\"async\" src=\"http:\/\/uniondeprofesionistasdeguerreroac.org\/wp-content\/uploads\/2023\/08\/grupo.png\" alt=\"\">\n            <h2>\u00bfPor qu\u00e9 pertenecer?<\/h2>\n            <ul>\n                <li>Capacitaci\u00f3n profesional.<\/li>\n                <li>Oportunidad de ser voz de influencia.<\/li>\n                <li>Oportunidad de servir a la comunidad.<\/li>\n            <\/ul>\n        <\/div>\n    <\/section>\n\n\n\n<p><\/p>\n\n\n\n<p class=\"has-medium-font-size\">\u00bf<strong>Te interesa ser parte de nosotros?<\/strong><\/p>\n\n\n\n<div class=\"wp-block-file pdf-ingreso\"><object class=\"wp-block-file__embed\" data=\"http:\/\/uniondeprofesionistasdeguerreroac.org\/wp-content\/uploads\/2023\/08\/SOLICITUD-INGRESO-UPG-2023.pdf\" type=\"application\/pdf\" style=\"width:100%;height:200px\" aria-label=\"Embed of SOLICITUD INGRESO UPG 2023.\"><\/object><a id=\"wp-block-file--media-e0404d32-f717-427d-97e0-2e3100aab6f1\" href=\"http:\/\/uniondeprofesionistasdeguerreroac.org\/wp-content\/uploads\/2023\/08\/SOLICITUD-INGRESO-UPG-2023.pdf\" target=\"_blank\" rel=\"noreferrer noopener\">SOLICITUD INGRESO UPG 2023<\/a><a href=\"http:\/\/uniondeprofesionistasdeguerreroac.org\/wp-content\/uploads\/2023\/08\/SOLICITUD-INGRESO-UPG-2023.pdf\" class=\"wp-block-file__button wp-element-button\" download aria-describedby=\"wp-block-file--media-e0404d32-f717-427d-97e0-2e3100aab6f1\">Descarga<\/a><\/div>\n","protected":false},"excerpt":{"rendered":"<div class=\"mh-excerpt\"><p>Misi\u00f3n Lograr la uni\u00f3n de los profesionistas del estado de Guerrero, y ser la asociaci\u00f3n de mayor prestagio en el estado. Objetivos Concientizar a la <a class=\"mh-excerpt-more\" href=\"https:\/\/uniondeprofesionistasdeguerreroac.org\/index.php\/quienes-somos\/\" title=\"\u00bfQui\u00e9nes somos?\">[&#8230;]<\/a><\/p>\n<\/div>","protected":false},"author":1,"featured_media":0,"parent":0,"menu_order":0,"comment_status":"closed","ping_status":"closed","template":"","meta":{"om_disable_all_campaigns":false,"_monsterinsights_skip_tracking":false,"_monsterinsights_sitenote_active":false,"_monsterinsights_sitenote_note":"","_monsterinsights_sitenote_category":0,"footnotes":""},"aioseo_notices":[],"_links":{"self":[{"href":"https:\/\/uniondeprofesionistasdeguerreroac.org\/index.php\/wp-json\/wp\/v2\/pages\/1949"}],"collection":[{"href":"https:\/\/uniondeprofesionistasdeguerreroac.org\/index.php\/wp-json\/wp\/v2\/pages"}],"about":[{"href":"https:\/\/uniondeprofesionistasdeguerreroac.org\/index.php\/wp-json\/wp\/v2\/types\/page"}],"author":[{"embeddable":true,"href":"https:\/\/uniondeprofesionistasdeguerreroac.org\/index.php\/wp-json\/wp\/v2\/users\/1"}],"replies":[{"embeddable":true,"href":"https:\/\/uniondeprofesionistasdeguerreroac.org\/index.php\/wp-json\/wp\/v2\/comments?post=1949"}],"version-history":[{"count":16,"href":"https:\/\/uniondeprofesionistasdeguerreroac.org\/index.php\/wp-json\/wp\/v2\/pages\/1949\/revisions"}],"predecessor-version":[{"id":2041,"href":"https:\/\/uniondeprofesionistasdeguerreroac.org\/index.php\/wp-json\/wp\/v2\/pages\/1949\/revisions\/2041"}],"wp:attachment":[{"href":"https:\/\/uniondeprofesionistasdeguerreroac.org\/index.php\/wp-json\/wp\/v2\/media?parent=1949"}],"curies":[{"name":"wp","href":"https:\/\/api.w.org\/{rel}","templated":true}]}}